Last updated on 2023-10-03 01:05:08 CEST.
Flavor | Version | Tinstall | Tcheck | Ttotal | Status | Flags |
---|---|---|---|---|---|---|
r-devel-linux-x86_64-debian-clang | 1.1.2 | 18.63 | 267.97 | 286.60 | OK | |
r-devel-linux-x86_64-debian-gcc | 1.1.2 | 15.07 | 198.04 | 213.11 | OK | |
r-devel-linux-x86_64-fedora-clang | 1.1.2 | 342.91 | NOTE | |||
r-devel-linux-x86_64-fedora-gcc | 1.1.2 | 356.75 | OK | |||
r-devel-windows-x86_64 | 1.1.2 | 18.00 | 213.00 | 231.00 | OK | |
r-patched-linux-x86_64 | 1.1.2 | 16.33 | 251.95 | 268.28 | OK | |
r-release-linux-x86_64 | 1.1.2 | 15.15 | 258.34 | 273.49 | OK | |
r-release-macos-arm64 | 1.1.2 | 102.00 | OK | |||
r-release-macos-x86_64 | 1.1.2 | 167.00 | OK | |||
r-release-windows-x86_64 | 1.1.2 | 26.00 | 265.00 | 291.00 | OK | |
r-oldrel-macos-arm64 | 1.1.2 | 89.00 | OK | |||
r-oldrel-macos-x86_64 | 1.1.2 | 146.00 | OK | |||
r-oldrel-windows-x86_64 | 1.1.2 | 25.00 | 261.00 | 286.00 | OK |
Version: 1.1.2
Check: Rd cross-references
Result: NOTE
Undeclared package ‘rlang’ in Rd xrefs
Flavor: r-devel-linux-x86_64-fedora-clang