Last updated on 2023-06-02 01:00:41 CEST.
Flavor | Version | Tinstall | Tcheck | Ttotal | Status | Flags |
---|---|---|---|---|---|---|
r-devel-linux-x86_64-debian-clang | 2.8.3 | 25.21 | 372.63 | 397.84 | OK | |
r-devel-linux-x86_64-debian-gcc | 2.8.3 | 17.98 | 279.24 | 297.22 | OK | |
r-devel-linux-x86_64-fedora-clang | 2.8.3 | 488.34 | NOTE | |||
r-devel-linux-x86_64-fedora-gcc | 2.8.3 | 494.41 | NOTE | |||
r-devel-windows-x86_64 | 2.8.3 | 22.00 | 287.00 | 309.00 | OK | |
r-patched-linux-x86_64 | 2.8.3 | OK | ||||
r-release-linux-x86_64 | 2.8.3 | 18.79 | 351.70 | 370.49 | OK | |
r-release-macos-arm64 | 2.8.3 | 137.00 | OK | |||
r-release-macos-x86_64 | 2.8.3 | 239.00 | OK | |||
r-release-windows-x86_64 | 2.8.3 | 30.00 | 383.00 | 413.00 | OK | |
r-oldrel-macos-arm64 | 2.8.3 | 135.00 | OK | |||
r-oldrel-macos-x86_64 | 2.8.3 | 164.00 | OK | |||
r-oldrel-windows-x86_64 | 2.8.3 | 29.00 | 356.00 | 385.00 | OK |
Version: 2.8.3
Check: package dependencies
Result: NOTE
Imports includes 26 non-default packages.
Importing from so many packages makes the package vulnerable to any of
them becoming unavailable. Move as many as possible to Suggests and
use conditionally.
Flavor: r-devel-linux-x86_64-fedora-clang
Version: 2.8.3
Check: data for non-ASCII characters
Result: NOTE
Note: found 2750 marked UTF-8 strings
Flavors: r-devel-linux-x86_64-fedora-clang, r-devel-linux-x86_64-fedora-gcc