CRAN Package Check Results for Package texreg

Last updated on 2023-06-04 00:54:45 CEST.

Flavor Version Tinstall Tcheck Ttotal Status Flags
r-devel-linux-x86_64-debian-clang 1.38.6 16.67 159.69 176.36 NOTE
r-devel-linux-x86_64-debian-gcc 1.38.6 15.09 113.89 128.98 NOTE
r-devel-linux-x86_64-fedora-clang 1.38.6 218.71 NOTE
r-devel-linux-x86_64-fedora-gcc 1.38.6 251.89 NOTE
r-devel-windows-x86_64 1.38.6 17.00 167.00 184.00 NOTE
r-patched-linux-x86_64 1.38.6 NOTE
r-release-linux-x86_64 1.38.6 16.26 151.93 168.19 NOTE
r-release-macos-arm64 1.38.6 82.00 NOTE
r-release-macos-x86_64 1.38.6 169.00 NOTE
r-release-windows-x86_64 1.38.6 22.00 190.00 212.00 NOTE
r-oldrel-macos-arm64 1.38.6 55.00 NOTE
r-oldrel-macos-x86_64 1.38.6 81.00 NOTE
r-oldrel-windows-x86_64 1.38.6 23.00 171.00 194.00 NOTE

Check Details

Version: 1.38.6
Check: package dependencies
Result: NOTE
    Packages which this enhances but not available for checking:
     'mnlogit', 'Zelig'
Flavors: r-devel-linux-x86_64-debian-clang, r-devel-linux-x86_64-debian-gcc, r-devel-linux-x86_64-fedora-clang, r-devel-linux-x86_64-fedora-gcc, r-devel-windows-x86_64, r-patched-linux-x86_64, r-release-linux-x86_64, r-release-macos-arm64, r-oldrel-macos-x86_64

Version: 1.38.6
Check: package dependencies
Result: NOTE
    Packages which this enhances but not available for checking:
     'btergm', 'mnlogit', 'Zelig'
Flavor: r-release-macos-x86_64

Version: 1.38.6
Check: Rd cross-references
Result: NOTE
    Unknown package ‘btergm’ in Rd xrefs
Flavor: r-release-macos-x86_64

Version: 1.38.6
Check: package dependencies
Result: NOTE
    Package which this enhances but not available for checking: 'mnlogit'
Flavors: r-release-windows-x86_64, r-oldrel-macos-arm64, r-oldrel-windows-x86_64