CRAN Package Check Results for Package subsemble

Last updated on 2023-11-30 00:56:00 CET.

Flavor Version Tinstall Tcheck Ttotal Status Flags
r-devel-linux-x86_64-debian-clang 0.1.0 2.11 26.48 28.59 OK
r-devel-linux-x86_64-debian-gcc 0.1.0 2.28 20.97 23.25 OK
r-devel-linux-x86_64-fedora-clang 0.1.0 38.61 OK
r-devel-linux-x86_64-fedora-gcc 0.1.0 37.16 OK
r-devel-windows-x86_64 0.1.0 4.00 44.00 48.00 OK
r-patched-linux-x86_64 0.1.0 3.15 26.63 29.78 OK
r-release-linux-x86_64 0.1.0 2.79 26.95 29.74 OK
r-release-macos-arm64 0.1.0 20.00 OK
r-release-macos-x86_64 0.1.0 22.00 NOTE
r-release-windows-x86_64 0.1.0 4.00 45.00 49.00 OK
r-oldrel-macos-arm64 0.1.0 16.00 OK
r-oldrel-macos-x86_64 0.1.0 28.00 OK
r-oldrel-windows-x86_64 0.1.0 4.00 48.00 52.00 OK

Check Details

Version: 0.1.0
Check: package dependencies
Result: NOTE Packages suggested but not available for checking: 'arm', 'caret', 'party' Flavor: r-release-macos-x86_64