CRAN Package Check Results for Package subsemble

Last updated on 2024-06-14 00:54:00 CEST.

Flavor Version Tinstall Tcheck Ttotal Status Flags
r-devel-linux-x86_64-debian-clang 0.1.0 2.87 27.87 30.74 OK
r-devel-linux-x86_64-debian-gcc 0.1.0 2.30 21.55 23.85 NOTE
r-devel-linux-x86_64-fedora-clang 0.1.0 38.54 OK
r-devel-linux-x86_64-fedora-gcc 0.1.0 36.96 OK
r-devel-windows-x86_64 0.1.0 4.00 43.00 47.00 OK
r-patched-linux-x86_64 0.1.0 2.48 27.33 29.81 OK
r-release-linux-x86_64 0.1.0 2.69 26.19 28.88 OK
r-release-macos-arm64 0.1.0 16.00 OK
r-release-macos-x86_64 0.1.0 31.00 OK
r-release-windows-x86_64 0.1.0 4.00 51.00 55.00 OK
r-oldrel-macos-arm64 0.1.0 20.00 OK
r-oldrel-macos-x86_64 0.1.0 22.00 NOTE
r-oldrel-windows-x86_64 0.1.0 4.00 46.00 50.00 OK

Check Details

Version: 0.1.0
Check: package dependencies
Result: NOTE Packages suggested but not available for checking: 'arm', 'caret', 'Hmisc' Flavor: r-devel-linux-x86_64-debian-gcc

Version: 0.1.0
Check: package dependencies
Result: NOTE Packages suggested but not available for checking: 'arm', 'caret', 'party' Flavor: r-oldrel-macos-x86_64