Last updated on 2023-04-02 00:57:51 CEST.
Flavor | Version | Tinstall | Tcheck | Ttotal | Status | Flags |
---|---|---|---|---|---|---|
r-devel-linux-x86_64-debian-clang | 2.0 | 23.65 | 203.33 | 226.98 | OK | |
r-devel-linux-x86_64-debian-gcc | 2.0 | 16.06 | 151.08 | 167.14 | OK | |
r-devel-linux-x86_64-fedora-clang | 2.0 | 278.94 | NOTE | |||
r-devel-linux-x86_64-fedora-gcc | 2.0 | 282.79 | NOTE | |||
r-patched-linux-x86_64 | 2.0 | 18.59 | 192.11 | 210.70 | OK | |
r-release-linux-x86_64 | 2.0 | 20.32 | 191.23 | 211.55 | OK | |
r-release-macos-arm64 | 2.0 | 132.00 | NOTE | |||
r-release-macos-x86_64 | 2.0 | 192.00 | NOTE | |||
r-release-windows-x86_64 | 2.0 | 28.00 | 246.00 | 274.00 | OK | |
r-oldrel-macos-arm64 | 2.0 | 115.00 | NOTE | |||
r-oldrel-macos-x86_64 | 2.0 | 187.00 | NOTE | |||
r-oldrel-windows-ix86+x86_64 | 2.0 | 43.00 | 218.00 | 261.00 | OK |
Version: 2.0
Check: dependencies in R code
Result: NOTE
Namespaces in Imports field not imported from:
‘sf’ ‘spData’
All declared Imports should be used.
Flavors: r-devel-linux-x86_64-fedora-clang, r-devel-linux-x86_64-fedora-gcc, r-release-macos-arm64, r-release-macos-x86_64, r-oldrel-macos-arm64, r-oldrel-macos-x86_64