CRAN Package Check Results for Package spectrolab

Last updated on 2024-02-28 00:56:34 CET.

Flavor Version Tinstall Tcheck Ttotal Status Flags
r-devel-linux-x86_64-debian-clang 0.0.18 8.96 98.73 107.69 NOTE
r-devel-linux-x86_64-debian-gcc 0.0.18 6.41 76.02 82.43 NOTE
r-devel-linux-x86_64-fedora-clang 0.0.18 131.72 NOTE
r-devel-linux-x86_64-fedora-gcc 0.0.18 139.16 NOTE
r-devel-windows-x86_64 0.0.18 9.00 142.00 151.00 NOTE
r-patched-linux-x86_64 0.0.18 6.51 95.30 101.81 OK
r-release-linux-x86_64 0.0.18 5.08 95.46 100.54 OK
r-release-macos-arm64 0.0.18 56.00 OK
r-release-macos-x86_64 0.0.18 79.00 OK
r-release-windows-x86_64 0.0.18 12.00 142.00 154.00 OK
r-oldrel-macos-arm64 0.0.18 43.00 OK
r-oldrel-windows-x86_64 0.0.18 15.00 142.00 157.00 OK

Check Details

Version: 0.0.18
Check: Rd \usage sections
Result: NOTE Documented arguments not in \usage in Rd file 'i_is_index.Rd': ‘max_length’ Documented arguments not in \usage in Rd file 'i_read_asd_spectra.Rd': ‘format’ Functions with \usage entries need to have the appropriate \alias entries, and all their arguments documented. The \usage entries must correspond to syntactically valid R code. See chapter ‘Writing R documentation files’ in the ‘Writing R Extensions’ manual. Flavors: r-devel-linux-x86_64-debian-clang, r-devel-linux-x86_64-debian-gcc, r-devel-linux-x86_64-fedora-clang, r-devel-linux-x86_64-fedora-gcc, r-devel-windows-x86_64