CRAN Package Check Results for Package priceR

Last updated on 2023-10-03 01:05:00 CEST.

Flavor Version Tinstall Tcheck Ttotal Status Flags
r-devel-linux-x86_64-debian-clang 0.1.67 6.67 50.23 56.90 OK
r-devel-linux-x86_64-debian-gcc 0.1.67 4.53 38.03 42.56 OK
r-devel-linux-x86_64-fedora-clang 0.1.67 67.96 NOTE
r-devel-linux-x86_64-fedora-gcc 0.1.67 65.82 NOTE
r-devel-windows-x86_64 0.1.67 6.00 62.00 68.00 OK
r-patched-linux-x86_64 0.1.67 3.54 47.06 50.60 OK
r-release-linux-x86_64 0.1.67 3.90 48.05 51.95 OK
r-release-macos-arm64 0.1.67 24.00 OK
r-release-macos-x86_64 0.1.67 33.00 OK
r-release-windows-x86_64 0.1.67 11.00 65.00 76.00 OK
r-oldrel-macos-arm64 0.1.67 24.00 NOTE
r-oldrel-macos-x86_64 0.1.67 36.00 NOTE
r-oldrel-windows-x86_64 0.1.67 9.00 66.00 75.00 OK

Check Details

Version: 0.1.67
Check: dependencies in R code
Result: NOTE
    Namespace in Imports field not imported from: ‘curl’
     All declared Imports should be used.
Flavors: r-devel-linux-x86_64-fedora-clang, r-devel-linux-x86_64-fedora-gcc, r-oldrel-macos-arm64, r-oldrel-macos-x86_64

Version: 0.1.67
Check: data for non-ASCII characters
Result: NOTE
     Note: found 165 marked UTF-8 strings
Flavors: r-devel-linux-x86_64-fedora-clang, r-devel-linux-x86_64-fedora-gcc, r-oldrel-macos-arm64, r-oldrel-macos-x86_64