Last updated on 2023-06-01 00:59:47 CEST.
Flavor | Version | Tinstall | Tcheck | Ttotal | Status | Flags |
---|---|---|---|---|---|---|
r-devel-linux-x86_64-debian-clang | 1.2-4 | 15.20 | 224.29 | 239.49 | OK | |
r-devel-linux-x86_64-debian-gcc | 1.2-4 | 15.05 | 169.79 | 184.84 | OK | |
r-devel-linux-x86_64-fedora-clang | 1.2-4 | 297.73 | OK | |||
r-devel-linux-x86_64-fedora-gcc | 1.2-4 | 307.58 | OK | |||
r-devel-windows-x86_64 | 1.2-4 | 16.00 | 191.00 | 207.00 | OK | |
r-patched-linux-x86_64 | 1.2-4 | OK | ||||
r-release-linux-x86_64 | 1.2-4 | 18.76 | 219.43 | 238.19 | OK | |
r-release-macos-arm64 | 1.2-4 | 91.00 | OK | |||
r-release-macos-x86_64 | 1.2-4 | 156.00 | NOTE | |||
r-release-windows-x86_64 | 1.2-4 | 22.00 | 240.00 | 262.00 | OK | |
r-oldrel-macos-arm64 | 1.2-4 | 100.00 | OK | |||
r-oldrel-macos-x86_64 | 1.2-4 | 119.00 | OK | |||
r-oldrel-windows-x86_64 | 1.2-4 | 23.00 | 239.00 | 262.00 | OK |
Version: 1.2-4
Check: package dependencies
Result: NOTE
Package suggested but not available for checking: ‘lme4’
Flavor: r-release-macos-x86_64
Version: 1.2-4
Check: Rd cross-references
Result: NOTE
Package unavailable to check Rd xrefs: ‘lme4’
Flavor: r-release-macos-x86_64