CRAN Package Check Results for Package personr

Last updated on 2024-02-28 00:56:28 CET.

Flavor Version Tinstall Tcheck Ttotal Status Flags
r-devel-linux-x86_64-debian-clang 1.0.0 3.69 24.41 28.10 NOTE
r-devel-linux-x86_64-debian-gcc 1.0.0 2.22 18.91 21.13 NOTE
r-devel-linux-x86_64-fedora-clang 1.0.0 34.38 NOTE
r-devel-linux-x86_64-fedora-gcc 1.0.0 32.79 NOTE
r-devel-windows-x86_64 1.0.0 5.00 41.00 46.00 NOTE
r-patched-linux-x86_64 1.0.0 3.38 23.50 26.88 NOTE
r-release-linux-x86_64 1.0.0 3.20 23.78 26.98 NOTE
r-release-macos-arm64 1.0.0 20.00 NOTE
r-release-macos-x86_64 1.0.0 21.00 NOTE
r-release-windows-x86_64 1.0.0 6.00 42.00 48.00 NOTE
r-oldrel-macos-arm64 1.0.0 17.00 NOTE
r-oldrel-windows-x86_64 1.0.0 6.00 47.00 53.00 NOTE

Check Details

Version: 1.0.0
Check: LazyData
Result: NOTE 'LazyData' is specified without a 'data' directory Flavors: r-devel-linux-x86_64-debian-clang, r-devel-linux-x86_64-debian-gcc, r-devel-linux-x86_64-fedora-clang, r-devel-linux-x86_64-fedora-gcc, r-devel-windows-x86_64, r-patched-linux-x86_64, r-release-linux-x86_64, r-release-macos-arm64, r-release-macos-x86_64, r-release-windows-x86_64, r-oldrel-macos-arm64, r-oldrel-windows-x86_64