CRAN Package Check Results for Package packer

Last updated on 2024-06-24 00:50:16 CEST.

Flavor Version Tinstall Tcheck Ttotal Status Flags
r-devel-linux-x86_64-debian-clang 0.1.3 5.54 51.03 56.57 NOTE
r-devel-linux-x86_64-debian-gcc 0.1.3 5.02 37.12 42.14 NOTE
r-devel-linux-x86_64-fedora-clang 0.1.3 69.51 NOTE
r-devel-linux-x86_64-fedora-gcc 0.1.3 65.25 NOTE
r-devel-windows-x86_64 0.1.3 8.00 64.00 72.00 NOTE
r-patched-linux-x86_64 0.1.3 7.38 46.73 54.11 NOTE
r-release-linux-x86_64 0.1.3 6.27 47.93 54.20 NOTE
r-release-macos-arm64 0.1.3 26.00 NOTE
r-release-macos-x86_64 0.1.3 35.00 NOTE
r-release-windows-x86_64 0.1.3 10.00 65.00 75.00 NOTE
r-oldrel-macos-arm64 0.1.3 24.00 NOTE
r-oldrel-macos-x86_64 0.1.3 41.00 NOTE
r-oldrel-windows-x86_64 0.1.3 10.00 69.00 79.00 NOTE

Check Details

Version: 0.1.3
Check: package subdirectories
Result: NOTE Problems with news in ‘NEWS.md’: Cannot extract version info from the following section titles: Changes Flavors: r-devel-linux-x86_64-debian-clang, r-devel-linux-x86_64-debian-gcc, r-devel-linux-x86_64-fedora-clang, r-devel-linux-x86_64-fedora-gcc, r-devel-windows-x86_64, r-patched-linux-x86_64, r-release-linux-x86_64, r-release-macos-arm64, r-release-macos-x86_64, r-release-windows-x86_64, r-oldrel-macos-arm64, r-oldrel-macos-x86_64, r-oldrel-windows-x86_64