Last updated on 2023-06-02 23:52:11 CEST.
Flavor | Version | Tinstall | Tcheck | Ttotal | Status | Flags |
---|---|---|---|---|---|---|
r-devel-linux-x86_64-debian-clang | 0.3.9 | 12.08 | 130.98 | 143.06 | OK | |
r-devel-linux-x86_64-debian-gcc | 0.3.9 | 9.70 | 100.66 | 110.36 | OK | |
r-devel-linux-x86_64-fedora-clang | 0.3.9 | 177.62 | NOTE | |||
r-devel-linux-x86_64-fedora-gcc | 0.3.9 | 443.83 | NOTE | |||
r-devel-windows-x86_64 | 0.3.9 | 14.00 | 112.00 | 126.00 | OK | |
r-patched-linux-x86_64 | 0.3.9 | OK | ||||
r-release-linux-x86_64 | 0.3.9 | 8.26 | 123.88 | 132.14 | OK | |
r-release-macos-arm64 | 0.3.9 | 135.00 | OK | |||
r-release-macos-x86_64 | 0.3.9 | 222.00 | OK | |||
r-release-windows-x86_64 | 0.3.9 | 15.00 | 141.00 | 156.00 | OK | |
r-oldrel-macos-arm64 | 0.3.9 | 106.00 | NOTE | |||
r-oldrel-macos-x86_64 | 0.3.9 | 275.00 | NOTE | |||
r-oldrel-windows-x86_64 | 0.3.9 | 14.00 | 136.00 | 150.00 | OK |
Version: 0.3.9
Check: dependencies in R code
Result: NOTE
Namespaces in Imports field not imported from:
‘forecast’ ‘rlang’ ‘tsibble’ ‘viridis’
All declared Imports should be used.
Flavors: r-devel-linux-x86_64-fedora-clang, r-devel-linux-x86_64-fedora-gcc, r-oldrel-macos-arm64, r-oldrel-macos-x86_64