Last updated on 2023-10-03 01:04:57 CEST.
Flavor | Version | Tinstall | Tcheck | Ttotal | Status | Flags |
---|---|---|---|---|---|---|
r-devel-linux-x86_64-debian-clang | 0.5.1 | 1383.15 | 548.35 | 1931.50 | NOTE | |
r-devel-linux-x86_64-debian-gcc | 0.5.1 | 1097.11 | 450.59 | 1547.70 | NOTE | |
r-devel-linux-x86_64-fedora-clang | 0.5.1 | 2388.44 | NOTE | |||
r-devel-linux-x86_64-fedora-gcc | 0.5.1 | 2924.61 | NOTE | |||
r-devel-windows-x86_64 | 0.5.1 | 985.00 | 483.00 | 1468.00 | NOTE | |
r-patched-linux-x86_64 | 0.5.1 | 1077.13 | 591.31 | 1668.44 | NOTE | |
r-release-linux-x86_64 | 0.5.1 | 1122.65 | 590.74 | 1713.39 | NOTE | |
r-release-macos-arm64 | 0.5.1 | 550.00 | NOTE | |||
r-release-macos-x86_64 | 0.5.1 | 547.00 | NOTE | |||
r-release-windows-x86_64 | 0.5.1 | 1283.00 | 626.00 | 1909.00 | NOTE | |
r-oldrel-macos-arm64 | 0.5.1 | 550.00 | NOTE | |||
r-oldrel-macos-x86_64 | 0.5.1 | 632.00 | NOTE | |||
r-oldrel-windows-x86_64 | 0.5.1 | 1236.00 | 572.00 | 1808.00 | NOTE |
Version: 0.5.1
Check: for GNU extensions in Makefiles
Result: NOTE
GNU make is a SystemRequirements.
Flavors: r-devel-linux-x86_64-debian-clang, r-devel-linux-x86_64-debian-gcc, r-devel-linux-x86_64-fedora-clang, r-devel-linux-x86_64-fedora-gcc, r-devel-windows-x86_64, r-patched-linux-x86_64, r-release-linux-x86_64, r-release-macos-arm64, r-release-macos-x86_64, r-release-windows-x86_64, r-oldrel-macos-arm64, r-oldrel-macos-x86_64, r-oldrel-windows-x86_64
Version: 0.5.1
Check: package dependencies
Result: NOTE
Imports includes 22 non-default packages.
Importing from so many packages makes the package vulnerable to any of
them becoming unavailable. Move as many as possible to Suggests and
use conditionally.
Flavor: r-devel-linux-x86_64-fedora-clang
Version: 0.5.1
Check: installed package size
Result: NOTE
installed size is 15.7Mb
sub-directories of 1Mb or more:
doc 4.0Mb
libs 10.2Mb
Flavors: r-devel-linux-x86_64-fedora-clang, r-devel-windows-x86_64, r-release-macos-arm64, r-release-macos-x86_64, r-release-windows-x86_64, r-oldrel-macos-arm64, r-oldrel-macos-x86_64, r-oldrel-windows-x86_64