Last updated on 2023-06-01 00:59:45 CEST.
Flavor | Version | Tinstall | Tcheck | Ttotal | Status | Flags |
---|---|---|---|---|---|---|
r-devel-linux-x86_64-debian-clang | 0.1.6 | 375.47 | 62.15 | 437.62 | NOTE | |
r-devel-linux-x86_64-debian-gcc | 0.1.6 | 313.66 | 47.42 | 361.08 | NOTE | |
r-devel-linux-x86_64-fedora-clang | 0.1.6 | 680.43 | NOTE | |||
r-devel-linux-x86_64-fedora-gcc | 0.1.6 | 765.95 | NOTE | |||
r-devel-windows-x86_64 | 0.1.6 | 287.00 | 119.00 | 406.00 | NOTE | |
r-patched-linux-x86_64 | 0.1.6 | NOTE | ||||
r-release-linux-x86_64 | 0.1.6 | 286.49 | 61.18 | 347.67 | NOTE | |
r-release-macos-arm64 | 0.1.6 | 161.00 | NOTE | |||
r-release-macos-x86_64 | 0.1.6 | 287.00 | NOTE | |||
r-release-windows-x86_64 | 0.1.6 | 389.00 | 143.00 | 532.00 | NOTE | |
r-oldrel-macos-arm64 | 0.1.6 | 128.00 | NOTE | |||
r-oldrel-macos-x86_64 | 0.1.6 | 220.00 | NOTE | |||
r-oldrel-windows-x86_64 | 0.1.6 | 375.00 | 134.00 | 509.00 | OK |
Version: 0.1.6
Check: C++ specification
Result: NOTE
Specified C++11: please drop specification unless essential
Flavors: r-devel-linux-x86_64-debian-clang, r-devel-linux-x86_64-debian-gcc, r-devel-linux-x86_64-fedora-clang, r-devel-linux-x86_64-fedora-gcc, r-devel-windows-x86_64, r-patched-linux-x86_64, r-release-linux-x86_64, r-release-macos-arm64, r-release-macos-x86_64, r-release-windows-x86_64
Version: 0.1.6
Check: installed package size
Result: NOTE
installed size is 19.1Mb
sub-directories of 1Mb or more:
help 1.0Mb
libs 18.0Mb
Flavors: r-release-macos-arm64, r-release-macos-x86_64, r-oldrel-macos-arm64, r-oldrel-macos-x86_64