CRAN Package Check Results for Package mimi

Last updated on 2024-02-28 00:56:25 CET.

Flavor Version Tinstall Tcheck Ttotal Status Flags
r-devel-linux-x86_64-debian-clang 0.2.0 7.51 44.66 52.17 NOTE
r-devel-linux-x86_64-debian-gcc 0.2.0 4.92 34.02 38.94 NOTE
r-devel-linux-x86_64-fedora-clang 0.2.0 65.42 NOTE
r-devel-linux-x86_64-fedora-gcc 0.2.0 60.96 NOTE
r-devel-windows-x86_64 0.2.0 7.00 52.00 59.00 OK
r-patched-linux-x86_64 0.2.0 7.59 44.11 51.70 OK
r-release-linux-x86_64 0.2.0 4.50 44.08 48.58 OK
r-release-macos-arm64 0.2.0 26.00 OK
r-release-macos-x86_64 0.2.0 32.00 OK
r-release-windows-x86_64 0.2.0 9.00 59.00 68.00 OK
r-oldrel-macos-arm64 0.2.0 22.00 NOTE
r-oldrel-windows-x86_64 0.2.0 10.00 62.00 72.00 OK

Check Details

Version: 0.2.0
Check: Rd files
Result: NOTE checkRd: (-1) acs2016.Rd:14: Lost braces 14 | \item{BROADBND}{Cellular data plan for a smartphone or other mobile device}{1 yes 2 no} | ^ checkRd: (-1) acs2016.Rd:21: Lost braces 21 | \item{MHP}{Mobile home costs}{$, yearly} | ^ Flavors: r-devel-linux-x86_64-debian-clang, r-devel-linux-x86_64-debian-gcc, r-devel-linux-x86_64-fedora-clang, r-devel-linux-x86_64-fedora-gcc

Version: 0.2.0
Check: dependencies in R code
Result: NOTE Namespaces in Imports field not imported from: ‘FactoMineR’ ‘softImpute’ All declared Imports should be used. Flavors: r-devel-linux-x86_64-fedora-clang, r-devel-linux-x86_64-fedora-gcc, r-oldrel-macos-arm64