CRAN Package Check Results for Package mbr

Last updated on 2024-02-28 00:56:25 CET.

Flavor Version Tinstall Tcheck Ttotal Status Flags
r-devel-linux-x86_64-debian-clang 0.0.1 9.11 108.54 117.65 OK
r-devel-linux-x86_64-debian-gcc 0.0.1 8.94 81.55 90.49 OK
r-devel-linux-x86_64-fedora-clang 0.0.1 145.69 NOTE
r-devel-linux-x86_64-fedora-gcc 0.0.1 152.74 NOTE
r-devel-windows-x86_64 0.0.1 10.00 94.00 104.00 OK
r-patched-linux-x86_64 0.0.1 9.78 104.59 114.37 OK
r-release-linux-x86_64 0.0.1 11.27 103.92 115.19 OK
r-release-macos-arm64 0.0.1 55.00 OK
r-release-macos-x86_64 0.0.1 90.00 OK
r-release-windows-x86_64 0.0.1 12.00 114.00 126.00 OK
r-oldrel-macos-arm64 0.0.1 44.00 NOTE
r-oldrel-windows-x86_64 0.0.1 14.00 117.00 131.00 OK

Check Details

Version: 0.0.1
Check: dependencies in R code
Result: NOTE Namespace in Imports field not imported from: ‘MASS’ All declared Imports should be used. Flavors: r-devel-linux-x86_64-fedora-clang, r-devel-linux-x86_64-fedora-gcc, r-oldrel-macos-arm64