Last updated on 2023-06-01 00:59:44 CEST.
Flavor | Version | Tinstall | Tcheck | Ttotal | Status | Flags |
---|---|---|---|---|---|---|
r-devel-linux-x86_64-debian-clang | 0.1.1 | 0.49 | 1.64 | 2.13 | ERROR | |
r-devel-linux-x86_64-debian-gcc | 0.1.1 | 0.34 | 1.30 | 1.64 | ERROR | |
r-devel-linux-x86_64-fedora-clang | 0.1.1 | 3.88 | ERROR | |||
r-devel-linux-x86_64-fedora-gcc | 0.1.1 | 1.69 | ERROR | |||
r-devel-windows-x86_64 | 0.1.1 | 4.00 | 4.00 | 8.00 | ERROR | |
r-patched-linux-x86_64 | 0.1.1 | ERROR | ||||
r-release-linux-x86_64 | 0.1.1 | 12.05 | 146.85 | 158.90 | OK | |
r-release-macos-arm64 | 0.1.1 | 66.00 | OK | |||
r-release-macos-x86_64 | 0.1.1 | 110.00 | OK | |||
r-release-windows-x86_64 | 0.1.1 | 2.00 | 5.00 | 7.00 | ERROR | |
r-oldrel-macos-arm64 | 0.1.1 | 65.00 | NOTE | |||
r-oldrel-macos-x86_64 | 0.1.1 | 125.00 | NOTE | |||
r-oldrel-windows-x86_64 | 0.1.1 | 5.00 | 9.00 | 14.00 | ERROR |
Version: 0.1.1
Check: package dependencies
Result: ERROR
Package required but not available: ‘expectreg’
See section ‘The DESCRIPTION file’ in the ‘Writing R Extensions’
manual.
Flavors: r-devel-linux-x86_64-debian-clang, r-devel-linux-x86_64-debian-gcc, r-devel-linux-x86_64-fedora-gcc, r-patched-linux-x86_64
Version: 0.1.1
Check: whether package can be installed
Result: ERROR
Installation failed.
Flavors: r-devel-linux-x86_64-fedora-clang, r-devel-windows-x86_64, r-release-windows-x86_64, r-oldrel-windows-x86_64
Version: 0.1.1
Check: dependencies in R code
Result: NOTE
Namespace in Imports field not imported from: ‘lestat’
All declared Imports should be used.
Flavors: r-oldrel-macos-arm64, r-oldrel-macos-x86_64