CRAN Package Check Results for Package lineartestr

Last updated on 2024-06-14 00:53:47 CEST.

Flavor Version Tinstall Tcheck Ttotal Status Flags
r-devel-linux-x86_64-debian-clang 1.0.0 2.52 37.23 39.75 NOTE
r-devel-linux-x86_64-debian-gcc 1.0.0 0.37 1.75 2.12 ERROR
r-devel-linux-x86_64-fedora-clang 1.0.0 51.68 NOTE
r-devel-linux-x86_64-fedora-gcc 1.0.0 48.89 NOTE
r-devel-windows-x86_64 1.0.0 3.00 56.00 59.00 NOTE
r-patched-linux-x86_64 1.0.0 2.35 37.18 39.53 NOTE
r-release-linux-x86_64 1.0.0 1.61 37.63 39.24 NOTE
r-release-macos-arm64 1.0.0 21.00 NOTE
r-release-macos-x86_64 1.0.0 30.00 NOTE
r-release-windows-x86_64 1.0.0 5.00 58.00 63.00 NOTE
r-oldrel-macos-arm64 1.0.0 20.00 NOTE
r-oldrel-macos-x86_64 1.0.0 28.00 NOTE
r-oldrel-windows-x86_64 1.0.0 5.00 62.00 67.00 NOTE

Check Details

Version: 1.0.0
Check: LazyData
Result: NOTE 'LazyData' is specified without a 'data' directory Flavors: r-devel-linux-x86_64-debian-clang, r-devel-linux-x86_64-fedora-clang, r-devel-linux-x86_64-fedora-gcc, r-devel-windows-x86_64, r-patched-linux-x86_64, r-release-linux-x86_64, r-release-macos-arm64, r-release-macos-x86_64, r-release-windows-x86_64, r-oldrel-macos-arm64, r-oldrel-macos-x86_64, r-oldrel-windows-x86_64

Version: 1.0.0
Check: package dependencies
Result: ERROR Packages required but not available: 'dplyr', 'ggplot2', 'viridis', 'tidyr', 'readr', 'forecast' Package suggested but not available for checking: ‘testthat’ See section ‘The DESCRIPTION file’ in the ‘Writing R Extensions’ manual. Flavor: r-devel-linux-x86_64-debian-gcc