CRAN Package Check Results for Package kfino

Last updated on 2024-02-28 00:56:23 CET.

Flavor Version Tinstall Tcheck Ttotal Status Flags
r-devel-linux-x86_64-debian-clang 1.0.0 8.29 245.63 253.92 NOTE
r-devel-linux-x86_64-debian-gcc 1.0.0 5.90 182.65 188.55 NOTE
r-devel-linux-x86_64-fedora-clang 1.0.0 307.22 NOTE
r-devel-linux-x86_64-fedora-gcc 1.0.0 325.96 NOTE
r-devel-windows-x86_64 1.0.0 7.00 232.00 239.00 OK
r-patched-linux-x86_64 1.0.0 9.23 244.09 253.32 OK
r-release-linux-x86_64 1.0.0 8.08 246.55 254.63 OK
r-release-macos-arm64 1.0.0 86.00 OK
r-release-macos-x86_64 1.0.0 144.00 OK
r-release-windows-x86_64 1.0.0 10.00 237.00 247.00 OK
r-oldrel-macos-arm64 1.0.0 84.00 ERROR
r-oldrel-windows-x86_64 1.0.0 11.00 234.00 245.00 OK

Check Details

Version: 1.0.0
Check: Rd files
Result: NOTE checkRd: (-1) kfino_plot.Rd:52: Lost braces; missing escapes or markup? 52 | plus the OK values. Prediction corresponds to E[X_{t} | Y_{1...t}] | ^ checkRd: (-1) kfino_plot.Rd:52: Lost braces; missing escapes or markup? 52 | plus the OK values. Prediction corresponds to E[X_{t} | Y_{1...t}] | ^ Flavors: r-devel-linux-x86_64-debian-clang, r-devel-linux-x86_64-debian-gcc, r-devel-linux-x86_64-fedora-clang, r-devel-linux-x86_64-fedora-gcc

Version: 1.0.0
Check: PDF version of manual
Result: WARN LaTeX errors when creating PDF version. This typically indicates Rd problems. LaTeX errors found: ! Undefined control sequence. <argument> y \mapsto \text {doutlier}(y,K,\text {expertMin},\text {expertMax}) l.80 ...(y,K,\text{expertMin},\text{expertMax})}{} ! Undefined control sequence. <argument> y \mapsto \text {doutlier}(y,K,\text {expertMin},\text {expertMax}) l.80 ...(y,K,\text{expertMin},\text{expertMax})}{} ! Undefined control sequence. <argument> ...utlier}(y,K,\text {expertMin},\text {expertMax}) l.80 ...(y,K,\text{expertMin},\text{expertMax})}{} ! Undefined control sequence. <argument> [\text {expertMin},\text {expertMax}] l.82 \eqn{[\text{expertMin},\text{expertMax}]}{} which is linear and verifies ! Undefined control sequence. <argument> [\text {expertMin},\text {expertMax}] l.82 \eqn{[\text{expertMin},\text{expertMax}]}{} which is linear and verifies ! Undefined control sequence. <recently read> \text l.84 ...},K,\text{expertMin},\text{expertMax}).}{} ! Undefined control sequence. <argument> \text {doutlier}(\text {expertMax},K,\text {expertMin},\text {exp... l.84 ...},K,\text{expertMin},\text{expertMax}).}{} ! Undefined control sequence. <argument> ...doutlier}(\text {expertMax},K,\text {expertMin},\text {expertM... l.84 ...},K,\text{expertMin},\text{expertMax}).}{} ! Undefined control sequence. <argument> ...xpertMax},K,\text {expertMin},\text {expertMax}) =K*\text {dou... l.84 ...},K,\text{expertMin},\text{expertMax}).}{} ! Undefined control sequence. <argument> ...ertMin},\text {expertMax}) =K*\text {doutlier}(\text {expertMi... l.84 ...},K,\text{expertMin},\text{expertMax}).}{} ! Undefined control sequence. <argument> ...pertMax}) =K*\text {doutlier}(\text {expertMin},K,\text {exper... l.84 ...},K,\text{expertMin},\text{expertMax}).}{} ! Undefined control sequence. <argument> ...doutlier}(\text {expertMin},K,\text {expertMin},\text {expertM... l.84 ...},K,\text{expertMin},\text{expertMax}).}{} ! Undefined control sequence. <argument> ...xpertMin},K,\text {expertMin},\text {expertMax}). l.84 ...},K,\text{expertMin},\text{expertMax}).}{} Flavor: r-oldrel-macos-arm64

Version: 1.0.0
Check: PDF version of manual without index
Result: ERROR
Flavor: r-oldrel-macos-arm64