CRAN Package Check Results for Package inops

Last updated on 2024-05-21 00:57:13 CEST.

Flavor Version Tinstall Tcheck Ttotal Status Flags
r-devel-linux-x86_64-debian-clang 0.0.1 1.73 35.57 37.30 NOTE
r-devel-linux-x86_64-debian-gcc 0.0.1 1.88 27.39 29.27 NOTE
r-devel-linux-x86_64-fedora-clang 0.0.1 48.04 NOTE
r-devel-linux-x86_64-fedora-gcc 0.0.1 58.45 NOTE
r-devel-windows-x86_64 0.0.1 2.00 49.00 51.00 NOTE
r-patched-linux-x86_64 0.0.1 2.83 33.11 35.94 NOTE
r-release-linux-x86_64 0.0.1 1.45 33.91 35.36 NOTE
r-release-macos-arm64 0.0.1 23.00 NOTE
r-release-windows-x86_64 0.0.1 3.00 50.00 53.00 NOTE
r-oldrel-macos-arm64 0.0.1 26.00 NOTE
r-oldrel-macos-x86_64 0.0.1 38.00 NOTE
r-oldrel-windows-x86_64 0.0.1 5.00 51.00 56.00 NOTE

Check Details

Version: 0.0.1
Check: LazyData
Result: NOTE 'LazyData' is specified without a 'data' directory Flavors: r-devel-linux-x86_64-debian-clang, r-devel-linux-x86_64-debian-gcc, r-devel-linux-x86_64-fedora-clang, r-devel-linux-x86_64-fedora-gcc, r-devel-windows-x86_64, r-patched-linux-x86_64, r-release-linux-x86_64, r-release-macos-arm64, r-release-windows-x86_64, r-oldrel-macos-arm64, r-oldrel-macos-x86_64, r-oldrel-windows-x86_64