Last updated on 2023-10-03 01:04:50 CEST.
Flavor | Version | Tinstall | Tcheck | Ttotal | Status | Flags |
---|---|---|---|---|---|---|
r-devel-linux-x86_64-debian-clang | 0.3.0 | 31.05 | 595.88 | 626.93 | OK | |
r-devel-linux-x86_64-debian-gcc | 0.3.0 | 22.49 | 439.46 | 461.95 | OK | |
r-devel-linux-x86_64-fedora-clang | 0.3.0 | 746.35 | NOTE | |||
r-devel-linux-x86_64-fedora-gcc | 0.3.0 | 805.53 | OK | |||
r-devel-windows-x86_64 | 0.3.0 | 26.00 | 506.00 | 532.00 | OK | |
r-patched-linux-x86_64 | 0.3.0 | 19.45 | 573.11 | 592.56 | OK | |
r-release-linux-x86_64 | 0.3.0 | 26.17 | 567.60 | 593.77 | OK | |
r-release-macos-arm64 | 0.3.0 | 151.00 | OK | |||
r-release-macos-x86_64 | 0.3.0 | 312.00 | OK | |||
r-release-windows-x86_64 | 0.3.0 | 38.00 | 575.00 | 613.00 | OK | |
r-oldrel-macos-arm64 | 0.3.0 | 138.00 | OK | |||
r-oldrel-macos-x86_64 | 0.3.0 | 235.00 | OK | |||
r-oldrel-windows-x86_64 | 0.3.0 | 36.00 | 579.00 | 615.00 | OK |
Version: 0.3.0
Check: package dependencies
Result: NOTE
Imports includes 33 non-default packages.
Importing from so many packages makes the package vulnerable to any of
them becoming unavailable. Move as many as possible to Suggests and
use conditionally.
Flavor: r-devel-linux-x86_64-fedora-clang