CRAN Package Check Results for Package eemdARIMA

Last updated on 2024-06-14 00:53:40 CEST.

Flavor Version Tinstall Tcheck Ttotal Status Flags
r-devel-linux-x86_64-debian-clang 0.1.0 6.94 65.61 72.55 OK
r-devel-linux-x86_64-debian-gcc 0.1.0 0.27 1.58 1.85 ERROR
r-devel-linux-x86_64-fedora-clang 0.1.0 92.77 OK
r-devel-linux-x86_64-fedora-gcc 0.1.0 85.56 OK
r-devel-windows-x86_64 0.1.0 7.00 70.00 77.00 OK
r-patched-linux-x86_64 0.1.0 7.03 62.91 69.94 OK
r-release-linux-x86_64 0.1.0 6.15 64.81 70.96 OK
r-release-macos-arm64 0.1.0 33.00 OK
r-release-macos-x86_64 0.1.0 44.00 OK
r-release-windows-x86_64 0.1.0 9.00 71.00 80.00 OK
r-oldrel-macos-arm64 0.1.0 31.00 OK
r-oldrel-macos-x86_64 0.1.0 47.00 OK
r-oldrel-windows-x86_64 0.1.0 11.00 78.00 89.00 OK

Additional issues

donttest

Check Details

Version: 0.1.0
Check: package dependencies
Result: ERROR Package required but not available: ‘forecast’ See section ‘The DESCRIPTION file’ in the ‘Writing R Extensions’ manual. Flavor: r-devel-linux-x86_64-debian-gcc