CRAN Package Check Results for Package datacleanr

Last updated on 2024-06-24 00:50:06 CEST.

Flavor Version Tinstall Tcheck Ttotal Status Flags
r-devel-linux-x86_64-debian-clang 1.0.3 5.88 50.27 56.15 OK
r-devel-linux-x86_64-debian-gcc 1.0.3 4.74 37.52 42.26 OK
r-devel-linux-x86_64-fedora-clang 1.0.3 70.94 NOTE
r-devel-linux-x86_64-fedora-gcc 1.0.3 72.87 NOTE
r-devel-windows-x86_64 1.0.3 7.00 62.00 69.00 OK
r-patched-linux-x86_64 1.0.3 14.49 47.75 62.24 OK
r-release-linux-x86_64 1.0.3 4.57 48.70 53.27 OK
r-release-macos-arm64 1.0.3 25.00 OK
r-release-macos-x86_64 1.0.3 35.00 OK
r-release-windows-x86_64 1.0.3 8.00 63.00 71.00 OK
r-oldrel-macos-arm64 1.0.3 24.00 OK
r-oldrel-macos-x86_64 1.0.3 41.00 OK
r-oldrel-windows-x86_64 1.0.3 9.00 69.00 78.00 OK

Check Details

Version: 1.0.3
Check: dependencies in R code
Result: NOTE Namespace in Imports field not imported from: ‘htmltools’ All declared Imports should be used. Flavors: r-devel-linux-x86_64-fedora-clang, r-devel-linux-x86_64-fedora-gcc