Last updated on 2023-10-03 01:04:48 CEST.
Flavor | Version | Tinstall | Tcheck | Ttotal | Status | Flags |
---|---|---|---|---|---|---|
r-devel-linux-x86_64-debian-clang | 1.1.1 | 69.61 | 58.08 | 127.69 | OK | |
r-devel-linux-x86_64-debian-gcc | 1.1.1 | 42.62 | 46.35 | 88.97 | OK | |
r-devel-linux-x86_64-fedora-clang | 1.1.1 | 191.32 | NOTE | |||
r-devel-linux-x86_64-fedora-gcc | 1.1.1 | 187.13 | NOTE | |||
r-devel-windows-x86_64 | 1.1.1 | 44.00 | 84.00 | 128.00 | OK | |
r-patched-linux-x86_64 | 1.1.1 | 62.64 | 59.09 | 121.73 | OK | |
r-release-linux-x86_64 | 1.1.1 | 64.79 | 60.58 | 125.37 | OK | |
r-release-macos-arm64 | 1.1.1 | 56.00 | OK | |||
r-release-macos-x86_64 | 1.1.1 | 90.00 | OK | |||
r-release-windows-x86_64 | 1.1.1 | 49.00 | 97.00 | 146.00 | OK | |
r-oldrel-macos-arm64 | 1.1.1 | 49.00 | OK | |||
r-oldrel-macos-x86_64 | 1.1.1 | 63.00 | OK | |||
r-oldrel-windows-x86_64 | 1.1.1 | 61.00 | 91.00 | 152.00 | OK |
Version: 1.1.1
Check: compiled code
Result: NOTE
File ‘cycleRtools/libs/cycleRtools.so’:
Found no calls to: ‘R_registerRoutines’, ‘R_useDynamicSymbols’
It is good practice to register native routines and to disable symbol
search.
See ‘Writing portable packages’ in the ‘Writing R Extensions’ manual.
Flavors: r-devel-linux-x86_64-fedora-clang, r-devel-linux-x86_64-fedora-gcc