CRAN Package Check Results for Package aglm

Last updated on 2024-02-28 00:56:13 CET.

Flavor Version Tinstall Tcheck Ttotal Status Flags
r-devel-linux-x86_64-debian-clang 0.4.0 8.80 154.47 163.27 OK
r-devel-linux-x86_64-debian-gcc 0.4.0 7.34 115.20 122.54 OK
r-devel-linux-x86_64-fedora-clang 0.4.0 198.56 NOTE
r-devel-linux-x86_64-fedora-gcc 0.4.0 197.62 NOTE
r-devel-windows-x86_64 0.4.0 8.00 137.00 145.00 OK
r-patched-linux-x86_64 0.4.0 12.06 151.46 163.52 OK
r-release-linux-x86_64 0.4.0 7.57 153.28 160.85 OK
r-release-macos-arm64 0.4.0 72.00 OK
r-release-macos-x86_64 0.4.0 124.00 OK
r-release-windows-x86_64 0.4.0 11.00 163.00 174.00 OK
r-oldrel-macos-arm64 0.4.0 70.00 OK
r-oldrel-windows-x86_64 0.4.0 10.00 156.00 166.00 OK

Check Details

Version: 0.4.0
Check: dependencies in R code
Result: NOTE Namespace in Imports field not imported from: ‘mathjaxr’ All declared Imports should be used. Flavors: r-devel-linux-x86_64-fedora-clang, r-devel-linux-x86_64-fedora-gcc