CRAN Package Check Results for Package SmartMeterAnalytics

Last updated on 2024-06-14 00:53:59 CEST.

Flavor Version Tinstall Tcheck Ttotal Status Flags
r-devel-linux-x86_64-debian-clang 1.0.3 4.04 44.88 48.92 NOTE
r-devel-linux-x86_64-debian-gcc 1.0.3 4.34 32.68 37.02 NOTE
r-devel-linux-x86_64-fedora-clang 1.0.3 61.78 NOTE
r-devel-linux-x86_64-fedora-gcc 1.0.3 58.27 NOTE
r-devel-windows-x86_64 1.0.3 6.00 53.00 59.00 NOTE
r-patched-linux-x86_64 1.0.3 8.85 43.11 51.96 NOTE
r-release-linux-x86_64 1.0.3 4.70 42.94 47.64 NOTE
r-release-macos-arm64 1.0.3 21.00 NOTE
r-release-macos-x86_64 1.0.3 39.00 NOTE
r-release-windows-x86_64 1.0.3 6.00 54.00 60.00 NOTE
r-oldrel-macos-arm64 1.0.3 24.00 NOTE
r-oldrel-macos-x86_64 1.0.3 34.00 NOTE
r-oldrel-windows-x86_64 1.0.3 7.00 59.00 66.00 NOTE

Check Details

Version: 1.0.3
Check: LazyData
Result: NOTE 'LazyData' is specified without a 'data' directory Flavors: r-devel-linux-x86_64-debian-clang, r-devel-linux-x86_64-debian-gcc, r-devel-linux-x86_64-fedora-clang, r-devel-linux-x86_64-fedora-gcc, r-devel-windows-x86_64, r-patched-linux-x86_64, r-release-linux-x86_64, r-release-macos-arm64, r-release-macos-x86_64, r-release-windows-x86_64, r-oldrel-macos-arm64, r-oldrel-macos-x86_64, r-oldrel-windows-x86_64

Version: 1.0.3
Check: package dependencies
Result: NOTE Packages suggested but not available for checking: 'stringr', 'caret', 'dplyr' Flavor: r-devel-linux-x86_64-debian-gcc