CRAN Package Check Results for Package OBL

Last updated on 2024-06-14 00:53:51 CEST.

Flavor Version Tinstall Tcheck Ttotal Status Flags
r-devel-linux-x86_64-debian-clang 0.2.1 9.87 78.62 88.49 OK
r-devel-linux-x86_64-debian-gcc 0.2.1 0.35 1.69 2.04 ERROR
r-devel-linux-x86_64-fedora-clang 0.2.1 111.27 OK
r-devel-linux-x86_64-fedora-gcc 0.2.1 114.53 OK
r-devel-windows-x86_64 0.2.1 8.00 79.00 87.00 OK
r-patched-linux-x86_64 0.2.1 7.04 75.55 82.59 OK
r-release-linux-x86_64 0.2.1 6.34 75.64 81.98 OK
r-release-macos-arm64 0.2.1 39.00 OK
r-release-macos-x86_64 0.2.1 59.00 OK
r-release-windows-x86_64 0.2.1 10.00 80.00 90.00 OK
r-oldrel-macos-arm64 0.2.1 41.00 OK
r-oldrel-macos-x86_64 0.2.1 57.00 OK
r-oldrel-windows-x86_64 0.2.1 11.00 93.00 104.00 OK

Check Details

Version: 0.2.1
Check: package dependencies
Result: ERROR Packages required but not available: 'forecast', 'dplyr', 'forcats', 'ggplot2', 'tibble' See section ‘The DESCRIPTION file’ in the ‘Writing R Extensions’ manual. Flavor: r-devel-linux-x86_64-debian-gcc