CRAN Package Check Results for Package NewmanOmics

Last updated on 2024-02-28 00:56:27 CET.

Flavor Version Tinstall Tcheck Ttotal Status Flags
r-devel-linux-x86_64-debian-clang 1.0.10 3.75 76.28 80.03 NOTE
r-devel-linux-x86_64-debian-gcc 1.0.10 2.77 54.59 57.36 NOTE
r-devel-linux-x86_64-fedora-clang 1.0.10 97.86 NOTE
r-devel-linux-x86_64-fedora-gcc 1.0.10 105.48 NOTE
r-devel-windows-x86_64 1.0.10 4.00 81.00 85.00 OK
r-patched-linux-x86_64 1.0.10 3.87 69.29 73.16 OK
r-release-linux-x86_64 1.0.10 2.77 70.24 73.01 OK
r-release-macos-arm64 1.0.10 49.00 OK
r-release-macos-x86_64 1.0.10 72.00 OK
r-release-windows-x86_64 1.0.10 3.00 90.00 93.00 OK
r-oldrel-macos-arm64 1.0.10 43.00 OK
r-oldrel-windows-x86_64 1.0.10 6.00 98.00 104.00 OK

Check Details

Version: 1.0.10
Check: Rd files
Result: NOTE checkRd: (-1) 03-MixOf3Beta-class.Rd:35: Lost braces; missing escapes or markup? 35 | parameters \code{L} and {M} (in that order).} | ^ Flavors: r-devel-linux-x86_64-debian-clang, r-devel-linux-x86_64-debian-gcc, r-devel-linux-x86_64-fedora-clang, r-devel-linux-x86_64-fedora-gcc