Last updated on 2023-10-03 01:04:55 CEST.
Flavor | Version | Tinstall | Tcheck | Ttotal | Status | Flags |
---|---|---|---|---|---|---|
r-devel-linux-x86_64-debian-clang | 0.6.2 | 10.88 | 99.60 | 110.48 | NOTE | |
r-devel-linux-x86_64-debian-gcc | 0.6.2 | 10.09 | 73.63 | 83.72 | NOTE | |
r-devel-linux-x86_64-fedora-clang | 0.6.2 | 133.24 | NOTE | |||
r-devel-linux-x86_64-fedora-gcc | 0.6.2 | 141.59 | NOTE | |||
r-devel-windows-x86_64 | 0.6.2 | 12.00 | 93.00 | 105.00 | NOTE | |
r-patched-linux-x86_64 | 0.6.2 | 10.72 | 94.23 | 104.95 | NOTE | |
r-release-linux-x86_64 | 0.6.2 | 10.01 | 94.87 | 104.88 | NOTE | |
r-release-macos-arm64 | 0.6.2 | 40.00 | NOTE | |||
r-release-macos-x86_64 | 0.6.2 | 66.00 | NOTE | |||
r-release-windows-x86_64 | 0.6.2 | 15.00 | 111.00 | 126.00 | NOTE | |
r-oldrel-macos-arm64 | 0.6.2 | 36.00 | NOTE | |||
r-oldrel-macos-x86_64 | 0.6.2 | 50.00 | NOTE | |||
r-oldrel-windows-x86_64 | 0.6.2 | 16.00 | 103.00 | 119.00 | NOTE |
Version: 0.6.2
Check: LazyData
Result: NOTE
'LazyData' is specified without a 'data' directory
Flavors: r-devel-linux-x86_64-debian-clang, r-devel-linux-x86_64-debian-gcc, r-devel-linux-x86_64-fedora-clang, r-devel-linux-x86_64-fedora-gcc, r-devel-windows-x86_64, r-patched-linux-x86_64, r-release-linux-x86_64, r-release-macos-arm64, r-release-macos-x86_64, r-release-windows-x86_64, r-oldrel-macos-arm64, r-oldrel-macos-x86_64, r-oldrel-windows-x86_64