CRAN Package Check Results for Package MCPModGeneral

Last updated on 2024-02-28 00:56:25 CET.

Flavor Version Tinstall Tcheck Ttotal Status Flags
r-devel-linux-x86_64-debian-clang 0.1-1 6.55 87.57 94.12 NOTE
r-devel-linux-x86_64-debian-gcc 0.1-1 4.32 66.80 71.12 NOTE
r-devel-linux-x86_64-fedora-clang 0.1-1 118.56 NOTE
r-devel-linux-x86_64-fedora-gcc 0.1-1 123.90 NOTE
r-devel-windows-x86_64 0.1-1 7.00 118.00 125.00 NOTE
r-patched-linux-x86_64 0.1-1 6.67 85.21 91.88 NOTE
r-release-linux-x86_64 0.1-1 5.01 86.35 91.36 NOTE
r-release-macos-arm64 0.1-1 51.00 NOTE
r-release-macos-x86_64 0.1-1 70.00 NOTE
r-release-windows-x86_64 0.1-1 10.00 125.00 135.00 NOTE
r-oldrel-macos-arm64 0.1-1 33.00 NOTE
r-oldrel-windows-x86_64 0.1-1 10.00 124.00 134.00 NOTE

Check Details

Version: 0.1-1
Check: LazyData
Result: NOTE 'LazyData' is specified without a 'data' directory Flavors: r-devel-linux-x86_64-debian-clang, r-devel-linux-x86_64-debian-gcc, r-devel-linux-x86_64-fedora-clang, r-devel-linux-x86_64-fedora-gcc, r-devel-windows-x86_64, r-patched-linux-x86_64, r-release-linux-x86_64, r-release-macos-arm64, r-release-macos-x86_64, r-release-windows-x86_64, r-oldrel-macos-arm64, r-oldrel-windows-x86_64