CRAN Package Check Results for Package LEANR

Last updated on 2024-02-28 00:56:24 CET.

Flavor Version Tinstall Tcheck Ttotal Status Flags
r-devel-linux-x86_64-debian-clang 1.4.9 9.71 122.89 132.60 NOTE
r-devel-linux-x86_64-debian-gcc 1.4.9 8.06 93.20 101.26 NOTE
r-devel-linux-x86_64-fedora-clang 1.4.9 168.70 NOTE
r-devel-linux-x86_64-fedora-gcc 1.4.9 184.77 NOTE
r-devel-windows-x86_64 1.4.9 9.00 112.00 121.00 NOTE
r-patched-linux-x86_64 1.4.9 6.72 119.47 126.19 OK
r-release-linux-x86_64 1.4.9 9.02 120.94 129.96 OK
r-release-macos-arm64 1.4.9 52.00 OK
r-release-macos-x86_64 1.4.9 81.00 OK
r-release-windows-x86_64 1.4.9 11.00 135.00 146.00 NOTE
r-oldrel-macos-arm64 1.4.9 46.00 OK
r-oldrel-windows-x86_64 1.4.9 12.00 148.00 160.00 NOTE

Check Details

Version: 1.4.9
Check: Rd files
Result: NOTE checkRd: (-1) subnet.simulation.Rd:33: Lost braces 33 | probability function used for picking attachment point in iterative construction of subnetworks. defaults to preferential attachment based on node degree. To disable preferential attachment, use prob_function=function(degs){rep(1/length(degs),length(degs))} | ^ Flavors: r-devel-linux-x86_64-debian-clang, r-devel-linux-x86_64-debian-gcc, r-devel-linux-x86_64-fedora-clang, r-devel-linux-x86_64-fedora-gcc

Version: 1.4.9
Check: Rd metadata
Result: NOTE Invalid package aliases in Rd file 'LEANR-package.Rd': ‘LEAN-package’ Flavors: r-devel-linux-x86_64-debian-clang, r-devel-linux-x86_64-debian-gcc, r-devel-linux-x86_64-fedora-clang, r-devel-linux-x86_64-fedora-gcc, r-devel-windows-x86_64

Version: 1.4.9
Check: package dependencies
Result: NOTE Package suggested but not available for checking: 'doMC' Flavors: r-devel-windows-x86_64, r-release-windows-x86_64, r-oldrel-windows-x86_64