CRAN Package Check Results for Package GSSTDA

Last updated on 2024-02-28 00:56:22 CET.

Flavor Version Tinstall Tcheck Ttotal Status Flags
r-devel-linux-x86_64-debian-clang 0.1.3 21.20 283.12 304.32 NOTE
r-devel-linux-x86_64-debian-gcc 0.1.3 18.64 205.52 224.16 NOTE
r-devel-linux-x86_64-fedora-clang 0.1.3 364.52 NOTE
r-devel-linux-x86_64-fedora-gcc 0.1.3 382.85 NOTE
r-devel-windows-x86_64 0.1.3 19.00 202.00 221.00 OK
r-patched-linux-x86_64 0.1.3 15.57 272.59 288.16 OK
r-release-linux-x86_64 0.1.3 14.37 268.54 282.91 OK
r-release-macos-arm64 0.1.3 106.00 NOTE
r-release-macos-x86_64 0.1.3 253.00 NOTE
r-release-windows-x86_64 0.1.3 27.00 269.00 296.00 NOTE
r-oldrel-macos-arm64 0.1.3 100.00 NOTE
r-oldrel-windows-x86_64 0.1.3 27.00 265.00 292.00 OK

Check Details

Version: 0.1.3
Check: Rd files
Result: NOTE checkRd: (-1) geneSelection.Rd:71: Lost braces; missing escapes or markup? 71 | performs the vector magnitude in the [L_{p}] norm (as well as k powers | ^ checkRd: (-1) lp_norm_k_powers_surv.Rd:35: Lost braces; missing escapes or markup? 35 | the vector magnitude in the [L_{p}] norm (as well | ^ Flavors: r-devel-linux-x86_64-debian-clang, r-devel-linux-x86_64-debian-gcc, r-devel-linux-x86_64-fedora-clang, r-devel-linux-x86_64-fedora-gcc

Version: 0.1.3
Check: installed package size
Result: NOTE installed size is 5.0Mb sub-directories of 1Mb or more: data 3.4Mb doc 1.3Mb Flavors: r-devel-linux-x86_64-fedora-clang, r-release-macos-arm64, r-release-macos-x86_64, r-release-windows-x86_64, r-oldrel-macos-arm64

Version: 0.1.3
Check: dependencies in R code
Result: NOTE Namespace in Imports field not imported from: ‘devtools’ All declared Imports should be used. Flavors: r-devel-linux-x86_64-fedora-clang, r-devel-linux-x86_64-fedora-gcc