CRAN Package Check Results for Package GLDreg

Last updated on 2023-06-01 00:59:41 CEST.

Flavor Version Tinstall Tcheck Ttotal Status Flags
r-devel-linux-x86_64-debian-clang 1.1.0 5.05 58.54 63.59 NOTE
r-devel-linux-x86_64-debian-gcc 1.1.0 3.96 44.05 48.01 NOTE
r-devel-linux-x86_64-fedora-clang 1.1.0 79.73 NOTE
r-devel-linux-x86_64-fedora-gcc 1.1.0 81.36 NOTE
r-devel-windows-x86_64 1.1.0 6.00 75.00 81.00 NOTE
r-patched-linux-x86_64 1.1.0 NOTE
r-release-linux-x86_64 1.1.0 4.69 56.62 61.31 NOTE
r-release-macos-arm64 1.1.0 33.00 NOTE
r-release-macos-x86_64 1.1.0 42.00 NOTE
r-release-windows-x86_64 1.1.0 8.00 81.00 89.00 OK
r-oldrel-macos-arm64 1.1.0 29.00 OK
r-oldrel-macos-x86_64 1.1.0 40.00 OK
r-oldrel-windows-x86_64 1.1.0 7.00 86.00 93.00 OK

Check Details

Version: 1.1.0
Check: package dependencies
Result: NOTE
    Package suggested but not available for checking: ‘mlr3proba’
Flavors: r-devel-linux-x86_64-debian-clang, r-devel-linux-x86_64-debian-gcc, r-devel-linux-x86_64-fedora-clang, r-devel-linux-x86_64-fedora-gcc, r-devel-windows-x86_64, r-patched-linux-x86_64, r-release-linux-x86_64, r-release-macos-arm64, r-release-macos-x86_64