Last updated on 2023-10-03 01:04:48 CEST.
Flavor | Version | Tinstall | Tcheck | Ttotal | Status | Flags |
---|---|---|---|---|---|---|
r-devel-linux-x86_64-debian-clang | 0.3.1 | 23.94 | 196.58 | 220.52 | NOTE | |
r-devel-linux-x86_64-debian-gcc | 0.3.1 | 16.65 | 144.77 | 161.42 | NOTE | |
r-devel-linux-x86_64-fedora-clang | 0.3.1 | 275.25 | NOTE | |||
r-devel-linux-x86_64-fedora-gcc | 0.3.1 | 259.90 | NOTE | |||
r-devel-windows-x86_64 | 0.3.1 | 20.00 | 154.00 | 174.00 | NOTE | |
r-patched-linux-x86_64 | 0.3.1 | 14.27 | 188.71 | 202.98 | OK | |
r-release-linux-x86_64 | 0.3.1 | 18.78 | 190.40 | 209.18 | OK | |
r-release-macos-arm64 | 0.3.1 | 77.00 | OK | |||
r-release-macos-x86_64 | 0.3.1 | 120.00 | NOTE | |||
r-release-windows-x86_64 | 0.3.1 | 27.00 | 191.00 | 218.00 | OK | |
r-oldrel-macos-arm64 | 0.3.1 | 72.00 | OK | |||
r-oldrel-macos-x86_64 | 0.3.1 | 101.00 | OK | |||
r-oldrel-windows-x86_64 | 0.3.1 | 27.00 | 193.00 | 220.00 | OK |
Version: 0.3.1
Check: Rd contents
Result: NOTE
Auto-generated content requiring editing in Rd object 'DDPNA-package':
\details: ‘...o use the package, including the most important functions ~~’
Argument items with no description in Rd object 'DEP_Mod_net_plot':
‘\dots’
Flavors: r-devel-linux-x86_64-debian-clang, r-devel-linux-x86_64-debian-gcc, r-devel-linux-x86_64-fedora-clang, r-devel-linux-x86_64-fedora-gcc, r-devel-windows-x86_64
Version: 0.3.1
Check: package dependencies
Result: NOTE
Packages suggested but not available for checking: 'WGCNA', 'impute'
Flavor: r-release-macos-x86_64