Last updated on 2023-04-02 00:57:10 CEST.
Flavor | Version | Tinstall | Tcheck | Ttotal | Status | Flags |
---|---|---|---|---|---|---|
r-devel-linux-x86_64-debian-clang | 0.3-3 | 4.66 | 63.17 | 67.83 | OK | |
r-devel-linux-x86_64-debian-gcc | 0.3-3 | 3.77 | 48.78 | 52.55 | OK | |
r-devel-linux-x86_64-fedora-clang | 0.3-3 | 85.99 | OK | |||
r-devel-linux-x86_64-fedora-gcc | 0.3-3 | 93.26 | OK | |||
r-devel-windows-x86_64 | 0.3-3 | 9.00 | 120.00 | 129.00 | OK | |
r-patched-linux-x86_64 | 0.3-3 | 4.85 | 60.99 | 65.84 | OK | |
r-release-linux-x86_64 | 0.3-3 | 4.24 | 61.28 | 65.52 | OK | |
r-release-macos-arm64 | 0.3-3 | 37.00 | OK | |||
r-release-macos-x86_64 | 0.3-3 | 57.00 | OK | |||
r-release-windows-x86_64 | 0.3-3 | 20.00 | 127.00 | 147.00 | OK | |
r-oldrel-macos-arm64 | 0.3-3 | 55.00 | OK | |||
r-oldrel-macos-x86_64 | 0.3-3 | 82.00 | OK | |||
r-oldrel-windows-ix86+x86_64 | 0.3-3 | 13.00 | 102.00 | 115.00 | NOTE |
Version: 0.3-3
Check: R code for possible problems
Result: NOTE
Initiating curl with CURL_SSL_BACKEND: openssl
Flavor: r-oldrel-windows-ix86+x86_64