CRAN Package Check Results for Package AEDForecasting

Last updated on 2024-06-14 00:53:34 CEST.

Flavor Version Tinstall Tcheck Ttotal Status Flags
r-devel-linux-x86_64-debian-clang 0.20.0 2.74 28.29 31.03 NOTE
r-devel-linux-x86_64-debian-gcc 0.20.0 0.37 1.88 2.25 ERROR
r-devel-linux-x86_64-fedora-clang 0.20.0 39.23 NOTE
r-devel-linux-x86_64-fedora-gcc 0.20.0 50.61 NOTE
r-devel-windows-x86_64 0.20.0 3.00 58.00 61.00 NOTE
r-patched-linux-x86_64 0.20.0 2.38 30.23 32.61 NOTE
r-release-linux-x86_64 0.20.0 2.50 29.06 31.56 NOTE
r-release-macos-arm64 0.20.0 22.00 NOTE
r-release-macos-x86_64 0.20.0 32.00 NOTE
r-release-windows-x86_64 0.20.0 4.00 45.00 49.00 NOTE
r-oldrel-macos-arm64 0.20.0 23.00 NOTE
r-oldrel-macos-x86_64 0.20.0 28.00 NOTE
r-oldrel-windows-x86_64 0.20.0 4.00 43.00 47.00 NOTE

Check Details

Version: 0.20.0
Check: LazyData
Result: NOTE 'LazyData' is specified without a 'data' directory Flavors: r-devel-linux-x86_64-debian-clang, r-devel-linux-x86_64-fedora-clang, r-devel-linux-x86_64-fedora-gcc, r-devel-windows-x86_64, r-patched-linux-x86_64, r-release-linux-x86_64, r-release-macos-arm64, r-release-macos-x86_64, r-release-windows-x86_64, r-oldrel-macos-arm64, r-oldrel-macos-x86_64, r-oldrel-windows-x86_64

Version: 0.20.0
Check: package dependencies
Result: ERROR Package required but not available: ‘forecast’ See section ‘The DESCRIPTION file’ in the ‘Writing R Extensions’ manual. Flavor: r-devel-linux-x86_64-debian-gcc