CRAN Package Check Results for Package AEDForecasting

Last updated on 2023-06-01 00:59:34 CEST.

Flavor Version Tinstall Tcheck Ttotal Status Flags
r-devel-linux-x86_64-debian-clang 0.20.0 2.47 24.62 27.09 NOTE
r-devel-linux-x86_64-debian-gcc 0.20.0 2.01 19.70 21.71 NOTE
r-devel-linux-x86_64-fedora-clang 0.20.0 38.02 NOTE
r-devel-linux-x86_64-fedora-gcc 0.20.0 49.26 NOTE
r-devel-windows-x86_64 0.20.0 3.00 42.00 45.00 NOTE
r-patched-linux-x86_64 0.20.0 NOTE
r-release-linux-x86_64 0.20.0 1.56 25.19 26.75 NOTE
r-release-macos-arm64 0.20.0 23.00 NOTE
r-release-macos-x86_64 0.20.0 28.00 NOTE
r-release-windows-x86_64 0.20.0 4.00 42.00 46.00 NOTE
r-oldrel-macos-arm64 0.20.0 18.00 NOTE
r-oldrel-macos-x86_64 0.20.0 23.00 NOTE
r-oldrel-windows-x86_64 0.20.0 4.00 47.00 51.00 NOTE

Check Details

Version: 0.20.0
Check: LazyData
Result: NOTE
     'LazyData' is specified without a 'data' directory
Flavors: r-devel-linux-x86_64-debian-clang, r-devel-linux-x86_64-debian-gcc, r-devel-linux-x86_64-fedora-clang, r-devel-linux-x86_64-fedora-gcc, r-devel-windows-x86_64, r-patched-linux-x86_64, r-release-linux-x86_64, r-release-macos-arm64, r-release-macos-x86_64, r-release-windows-x86_64, r-oldrel-macos-arm64, r-oldrel-macos-x86_64, r-oldrel-windows-x86_64