CRAN Package Check Results for Package scpm

Last updated on 2020-03-30 07:51:31 CEST.

Flavor Version Tinstall Tcheck Ttotal Status Flags
r-devel-linux-x86_64-debian-clang 2.0.0 17.36 109.52 126.88 OK
r-devel-linux-x86_64-debian-gcc 2.0.0 15.18 83.87 99.05 OK
r-devel-linux-x86_64-fedora-clang 2.0.0 150.39 OK
r-devel-linux-x86_64-fedora-gcc 2.0.0 147.13 OK
r-devel-windows-ix86+x86_64 2.0.0 32.00 138.00 170.00 OK
r-devel-windows-ix86+x86_64-gcc8 2.0.0 35.00 149.00 184.00 OK
r-patched-linux-x86_64 2.0.0 16.18 104.36 120.54 OK
r-patched-solaris-x86 2.0.0 226.80 OK
r-release-linux-x86_64 2.0.0 15.50 92.32 107.82 OK
r-release-windows-ix86+x86_64 2.0.0 50.00 178.00 228.00 OK
r-release-osx-x86_64 2.0.0 WARN
r-oldrel-windows-ix86+x86_64 2.0.0 40.00 174.00 214.00 OK
r-oldrel-osx-x86_64 2.0.0 WARN

Check Details

Version: 2.0.0
Check: whether package can be installed
Result: WARN
    Found the following significant warnings:
     Warning: 'rgl_init' failed, running with rgl.useNULL = TRUE
Flavors: r-release-osx-x86_64, r-oldrel-osx-x86_64

Version: 2.0.0
Check: dependencies in R code
Result: NOTE
    No protocol specified
Flavors: r-release-osx-x86_64, r-oldrel-osx-x86_64

Version: 2.0.0
Check: S3 generic/method consistency
Result: WARN
    No protocol specified
    See section ‘Generic functions and methods’ in the ‘Writing R
    Extensions’ manual.
Flavors: r-release-osx-x86_64, r-oldrel-osx-x86_64

Version: 2.0.0
Check: replacement functions
Result: WARN
    No protocol specified
    The argument of a replacement function which corresponds to the right
    hand side must be named ‘value’.
Flavors: r-release-osx-x86_64, r-oldrel-osx-x86_64

Version: 2.0.0
Check: foreign function calls
Result: NOTE
    No protocol specified
    See chapter ‘System and foreign language interfaces’ in the ‘Writing R
    Extensions’ manual.
Flavors: r-release-osx-x86_64, r-oldrel-osx-x86_64

Version: 2.0.0
Check: R code for possible problems
Result: NOTE
    No protocol specified
Flavors: r-release-osx-x86_64, r-oldrel-osx-x86_64

Version: 2.0.0
Check: for missing documentation entries
Result: WARN
    No protocol specified
    All user-level objects in a package should have documentation entries.
    See chapter ‘Writing R documentation files’ in the ‘Writing R
    Extensions’ manual.
Flavors: r-release-osx-x86_64, r-oldrel-osx-x86_64

Version: 2.0.0
Check: for code/documentation mismatches
Result: WARN
    No protocol specified
    No protocol specified
    No protocol specified
Flavors: r-release-osx-x86_64, r-oldrel-osx-x86_64

Version: 2.0.0
Check: Rd \usage sections
Result: NOTE
    No protocol specified
    The \usage entries for S3 methods should use the \method markup and not
    their full name.
    See chapter ‘Writing R documentation files’ in the ‘Writing R
    Extensions’ manual.
Flavors: r-release-osx-x86_64, r-oldrel-osx-x86_64