CRAN Package Check Results for Package lattice

Last updated on 2020-02-24 00:48:43 CET.

Flavor Version Tinstall Tcheck Ttotal Status Flags
r-devel-linux-x86_64-debian-clang 0.20-40 17.13 142.46 159.59 OK
r-devel-linux-x86_64-debian-gcc 0.20-40 OK
r-devel-linux-x86_64-fedora-clang 0.20-40 184.67 OK
r-devel-linux-x86_64-fedora-gcc 0.20-40 96.27 OK
r-devel-windows-ix86+x86_64 0.20-38 41.00 187.00 228.00 OK
r-devel-windows-ix86+x86_64-gcc8 0.20-40 2.00 8.00 10.00 ERROR
r-patched-linux-x86_64 0.20-40 OK
r-patched-solaris-x86 0.20-40 OK
r-release-linux-x86_64 0.20-40 14.34 126.37 140.71 OK
r-release-windows-ix86+x86_64 0.20-38 2.00 5.00 7.00 ERROR
r-release-osx-x86_64 0.20-40 OK
r-oldrel-windows-ix86+x86_64 0.20-40 25.00 244.00 269.00 OK
r-oldrel-osx-x86_64 0.20-40 OK

Check Details

Version: 0.20-40
Check: whether package can be installed
Result: ERROR
    Installation failed.
Flavor: r-devel-windows-ix86+x86_64-gcc8

Version: 0.20-38
Check: whether package can be installed
Result: ERROR
    Installation failed.
Flavor: r-release-windows-ix86+x86_64