CRAN Package Check Results for Package bvpSolve

Last updated on 2019-05-24 02:53:36 CEST.

Flavor Version Tinstall Tcheck Ttotal Status Flags
r-devel-linux-x86_64-debian-clang 1.3.3 28.68 90.05 118.73 OK
r-devel-linux-x86_64-debian-gcc 1.3.3 21.95 67.00 88.95 OK
r-devel-linux-x86_64-fedora-clang 1.3.3 140.33 NOTE
r-devel-linux-x86_64-fedora-gcc 1.3.3 135.03 NOTE
r-devel-windows-ix86+x86_64 1.3.3 314.00 163.00 477.00 OK
r-patched-linux-x86_64 1.3.3 27.86 88.90 116.76 OK
r-patched-solaris-x86 1.3.3 172.30 OK
r-release-linux-x86_64 1.3.3 28.11 88.19 116.30 OK
r-release-windows-ix86+x86_64 1.3.3 107.00 119.00 226.00 OK
r-release-osx-x86_64 1.3.3 OK
r-oldrel-windows-ix86+x86_64 1.3.3 65.00 112.00 177.00 OK
r-oldrel-osx-x86_64 1.3.3 OK

Additional issues

LTO rchk

Check Details

Version: 1.3.3
Check: compiled code
Result: NOTE
    File ‘bvpSolve/libs/bvpSolve.so’:
     Found no calls to: ‘R_registerRoutines’, ‘R_useDynamicSymbols’
    
    It is good practice to register native routines and to disable symbol
    search.
    
    See ‘Writing portable packages’ in the ‘Writing R Extensions’ manual.
Flavors: r-devel-linux-x86_64-fedora-clang, r-devel-linux-x86_64-fedora-gcc