CRAN Package Check Results for Package Rlof

Last updated on 2020-04-05 23:47:43 CEST.

Flavor Version Tinstall Tcheck Ttotal Status Flags
r-devel-linux-x86_64-debian-clang 1.1.1 2.95 19.16 22.11 OK
r-devel-linux-x86_64-debian-gcc 1.1.1 0.26 1.75 2.01 ERROR
r-devel-linux-x86_64-fedora-clang 1.1.1 27.51 NOTE
r-devel-linux-x86_64-fedora-gcc 1.1.1 27.18 NOTE
r-devel-windows-ix86+x86_64 1.1.1 9.00 43.00 52.00 OK
r-devel-windows-ix86+x86_64-gcc8 1.1.1 8.00 44.00 52.00 OK
r-patched-linux-x86_64 1.1.1 2.72 19.11 21.83 OK
r-patched-solaris-x86 1.1.1 44.80 OK
r-release-linux-x86_64 1.1.1 2.32 17.49 19.81 OK
r-release-windows-ix86+x86_64 1.1.1 8.00 56.00 64.00 OK
r-release-osx-x86_64 1.1.1 OK
r-oldrel-windows-ix86+x86_64 1.1.1 8.00 38.00 46.00 OK
r-oldrel-osx-x86_64 1.1.1 OK

Check Details

Version: 1.1.1
Check: whether package can be installed
Result: ERROR
    Installation failed.
Flavor: r-devel-linux-x86_64-debian-gcc

Version: 1.1.1
Check: compiled code
Result: NOTE
    File ‘Rlof/libs/Rlof.so’:
     Found no calls to: ‘R_registerRoutines’, ‘R_useDynamicSymbols’
    
    It is good practice to register native routines and to disable symbol
    search.
    
    See ‘Writing portable packages’ in the ‘Writing R Extensions’ manual.
Flavors: r-devel-linux-x86_64-fedora-clang, r-devel-linux-x86_64-fedora-gcc