CRAN Package Check Results for Package MachineShop

Last updated on 2020-05-24 23:47:48 CEST.

Flavor Version Tinstall Tcheck Ttotal Status Flags
r-devel-linux-x86_64-debian-clang 2.3.0 50.23 1006.13 1056.36 OK
r-devel-linux-x86_64-debian-gcc 2.3.0 43.81 725.17 768.98 OK
r-devel-linux-x86_64-fedora-clang 2.3.0 1318.08 OK
r-devel-linux-x86_64-fedora-gcc 2.3.0 1234.18 OK
r-devel-windows-ix86+x86_64 2.3.0 126.00 571.00 697.00 OK
r-patched-linux-x86_64 2.3.0 48.81 963.79 1012.60 OK
r-patched-solaris-x86 2.3.0 1970.20 OK
r-release-linux-x86_64 2.3.0 47.29 935.51 982.80 OK
r-release-osx-x86_64 2.3.0 OK
r-release-windows-ix86+x86_64 2.3.0 93.00 767.00 860.00 OK
r-oldrel-osx-x86_64 2.3.0 WARN
r-oldrel-windows-ix86+x86_64 2.3.0 70.00 611.00 681.00 WARN

Check Details

Version: 2.3.0
Check: S3 generic/method consistency
Result: WARN
    SelectedInput:
     function(...)
    SelectedInput.formula:
     function(..., data, control, metrics, stat, cutoff)
    
    See section ‘Generic functions and methods’ in the ‘Writing R
    Extensions’ manual.
Flavors: r-oldrel-osx-x86_64, r-oldrel-windows-ix86+x86_64