CRAN Package Check Results for Package ILS

Last updated on 2019-12-15 23:47:25 CET.

Flavor Version Tinstall Tcheck Ttotal Status Flags
r-devel-linux-x86_64-debian-clang 0.2 7.94 69.36 77.30 ERROR
r-devel-linux-x86_64-debian-gcc 0.2 8.16 55.41 63.57 ERROR
r-devel-linux-x86_64-fedora-clang 0.2 101.60 OK
r-devel-linux-x86_64-fedora-gcc 0.2 101.43 OK
r-devel-windows-ix86+x86_64 0.2 18.00 85.00 103.00 OK
r-devel-windows-ix86+x86_64-gcc8 0.2 18.00 118.00 136.00 OK
r-patched-linux-x86_64 0.2 9.55 67.62 77.17 OK
r-patched-solaris-x86 0.2 141.70 OK
r-release-linux-x86_64 0.2 9.06 65.85 74.91 OK
r-release-windows-ix86+x86_64 0.2 16.00 72.00 88.00 OK
r-release-osx-x86_64 0.2 OK
r-oldrel-windows-ix86+x86_64 0.2 10.00 67.00 77.00 OK
r-oldrel-osx-x86_64 0.2 OK

Check Details

Version: 0.2
Check: examples
Result: ERROR
    Running examples in 'ILS-Ex.R' failed
    The error most likely occurred in:
    
    > base::assign(".ptime", proc.time(), pos = "CheckExEnv")
    > ### Name: ils.fqcdata
    > ### Title: Functional Quality Control Data
    > ### Aliases: ils.fqcdata
    >
    > ### ** Examples
    >
    > library(ILS)
    > data(TG)
    > delta <- seq(from = 40 ,to = 850 ,length.out = 1000 )
    > fqcdata <- ils.fqcdata(TG, p = 7, argvals = delta)
    Error in switch(class(mdata), matrix = { : EXPR must be a length 1 vector
    Calls: ils.fqcdata -> fdata
    Execution halted
Flavors: r-devel-linux-x86_64-debian-clang, r-devel-linux-x86_64-debian-gcc